{"id":4538,"date":"2018-03-06T22:15:36","date_gmt":"2018-03-07T03:15:36","guid":{"rendered":"http:\/\/fmanieves.org\/incodema4\/?page_id=4538"},"modified":"2018-03-06T22:15:36","modified_gmt":"2018-03-07T03:15:36","slug":"galerias-fotograficas","status":"publish","type":"page","link":"https:\/\/www.incodema.edu.co\/blog\/galerias-fotograficas\/","title":{"rendered":"Galer\u00edas Fotogr\u00e1ficas"},"content":{"rendered":"<p>[vc_row][vc_column][vc_custom_heading text=&#8221;GALER\u00cdAS FOTOGR\u00c1FICAS &#8221; font_container=&#8221;tag:h2|text_align:center|color:%230100a3&#8243; use_theme_fonts=&#8221;yes&#8221;][vc_custom_heading text=&#8221;COLEGIO INMACULADO CORAZ\u00d3N DE MAR\u00cdA&#8221; font_container=&#8221;tag:h2|text_align:center|color:%230100a3&#8243; use_theme_fonts=&#8221;yes&#8221;][\/vc_column][\/vc_row][vc_row][vc_column][vc_basic_grid post_type=&#8221;post&#8221; max_items=&#8221;10&#8243; item=&#8221;4648&#8243; grid_id=&#8221;vc_gid:1520391399893-c6c74f6d-11d8-6&#8243; taxonomies=&#8221;62&#8243;][\/vc_column][\/vc_row]<\/p>\n<div class='campos'>","protected":false},"excerpt":{"rendered":"<p>[vc_row][vc_column][vc_custom_heading text=&#8221;GALER\u00cdAS FOTOGR\u00c1FICAS &#8221; font_container=&#8221;tag:h2|text_align:center|color:%230100a3&#8243; use_theme_fonts=&#8221;yes&#8221;][vc_custom_heading text=&#8221;COLEGIO INMACULADO CORAZ\u00d3N DE MAR\u00cdA&#8221; font_container=&#8221;tag:h2|text_align:center|color:%230100a3&#8243; use_theme_fonts=&#8221;yes&#8221;][\/vc_column][\/vc_row][vc_row][vc_column][vc_basic_grid post_type=&#8221;post&#8221; max_items=&#8221;10&#8243; item=&#8221;4648&#8243; grid_id=&#8221;vc_gid:1520391399893-c6c74f6d-11d8-6&#8243; taxonomies=&#8221;62&#8243;][\/vc_column][\/vc_row]<\/p>\n","protected":false},"author":1,"featured_media":0,"parent":0,"menu_order":0,"comment_status":"closed","ping_status":"closed","template":"","meta":[],"yoast_head":"<!-- This site is optimized with the Yoast SEO plugin v16.2 - https:\/\/yoast.com\/wordpress\/plugins\/seo\/ -->\n<meta name=\"robots\" content=\"index, follow, max-snippet:-1, max-image-preview:large, max-video-preview:-1\" \/>\n<link rel=\"canonical\" href=\"https:\/\/www.incodema.edu.co\/blog\/galerias-fotograficas\/\" \/>\n<meta property=\"og:locale\" content=\"es_ES\" \/>\n<meta property=\"og:type\" content=\"article\" \/>\n<meta property=\"og:title\" content=\"Galer\u00edas Fotogr\u00e1ficas - INCODEMA\" \/>\n<meta property=\"og:description\" content=\"[vc_row][vc_column][vc_custom_heading text=&#8221;GALER\u00cdAS FOTOGR\u00c1FICAS &#8221; font_container=&#8221;tag:h2|text_align:center|color:%230100a3&#8243; use_theme_fonts=&#8221;yes&#8221;][vc_custom_heading text=&#8221;COLEGIO INMACULADO CORAZ\u00d3N DE MAR\u00cdA&#8221; font_container=&#8221;tag:h2|text_align:center|color:%230100a3&#8243; use_theme_fonts=&#8221;yes&#8221;][\/vc_column][\/vc_row][vc_row][vc_column][vc_basic_grid post_type=&#8221;post&#8221; max_items=&#8221;10&#8243; item=&#8221;4648&#8243; grid_id=&#8221;vc_gid:1520391399893-c6c74f6d-11d8-6&#8243; taxonomies=&#8221;62&#8243;][\/vc_column][\/vc_row]\" \/>\n<meta property=\"og:url\" content=\"https:\/\/www.incodema.edu.co\/blog\/galerias-fotograficas\/\" \/>\n<meta property=\"og:site_name\" content=\"INCODEMA\" \/>\n<meta property=\"article:publisher\" content=\"https:\/\/www.facebook.com\/Incodema\" \/>\n<meta name=\"twitter:card\" content=\"summary_large_image\" \/>\n<script type=\"application\/ld+json\" class=\"yoast-schema-graph\">{\"@context\":\"https:\/\/schema.org\",\"@graph\":[{\"@type\":\"Organization\",\"@id\":\"http:\/\/www.incodema.edu.co\/blog\/#organization\",\"name\":\"Colegio Inmaculado Coraz\\u00f3n de Mar\\u00eda\",\"url\":\"http:\/\/www.incodema.edu.co\/blog\/\",\"sameAs\":[\"https:\/\/www.facebook.com\/Incodema\",\"https:\/\/www.youtube.com\/channel\/UCmYQMRqdS3cfuNCHQ_9q-sg\"],\"logo\":{\"@type\":\"ImageObject\",\"@id\":\"http:\/\/www.incodema.edu.co\/blog\/#logo\",\"inLanguage\":\"es\",\"url\":\"http:\/\/www.incodema.edu.co\/blog\/wp-content\/uploads\/2018\/02\/escudo-218x218-1.png\",\"contentUrl\":\"http:\/\/www.incodema.edu.co\/blog\/wp-content\/uploads\/2018\/02\/escudo-218x218-1.png\",\"width\":218,\"height\":218,\"caption\":\"Colegio Inmaculado Coraz\\u00f3n de Mar\\u00eda\"},\"image\":{\"@id\":\"http:\/\/www.incodema.edu.co\/blog\/#logo\"}},{\"@type\":\"WebSite\",\"@id\":\"http:\/\/www.incodema.edu.co\/blog\/#website\",\"url\":\"http:\/\/www.incodema.edu.co\/blog\/\",\"name\":\"INCODEMA\",\"description\":\"COLEGIO INMACULADO CORAZ&Oacute;N DE MAR&Iacute;A\",\"publisher\":{\"@id\":\"http:\/\/www.incodema.edu.co\/blog\/#organization\"},\"potentialAction\":[{\"@type\":\"SearchAction\",\"target\":\"http:\/\/www.incodema.edu.co\/blog\/?s={search_term_string}\",\"query-input\":\"required name=search_term_string\"}],\"inLanguage\":\"es\"},{\"@type\":\"WebPage\",\"@id\":\"https:\/\/www.incodema.edu.co\/blog\/galerias-fotograficas\/#webpage\",\"url\":\"https:\/\/www.incodema.edu.co\/blog\/galerias-fotograficas\/\",\"name\":\"Galer\\u00edas Fotogr\\u00e1ficas - INCODEMA\",\"isPartOf\":{\"@id\":\"http:\/\/www.incodema.edu.co\/blog\/#website\"},\"datePublished\":\"2018-03-07T03:15:36+00:00\",\"dateModified\":\"2018-03-07T03:15:36+00:00\",\"breadcrumb\":{\"@id\":\"https:\/\/www.incodema.edu.co\/blog\/galerias-fotograficas\/#breadcrumb\"},\"inLanguage\":\"es\",\"potentialAction\":[{\"@type\":\"ReadAction\",\"target\":[\"https:\/\/www.incodema.edu.co\/blog\/galerias-fotograficas\/\"]}]},{\"@type\":\"BreadcrumbList\",\"@id\":\"https:\/\/www.incodema.edu.co\/blog\/galerias-fotograficas\/#breadcrumb\",\"itemListElement\":[{\"@type\":\"ListItem\",\"position\":1,\"item\":{\"@type\":\"WebPage\",\"@id\":\"http:\/\/www.incodema.edu.co\/blog\/\",\"url\":\"http:\/\/www.incodema.edu.co\/blog\/\",\"name\":\"Home\"}},{\"@type\":\"ListItem\",\"position\":2,\"item\":{\"@id\":\"https:\/\/www.incodema.edu.co\/blog\/galerias-fotograficas\/#webpage\"}}]}]}<\/script>\n<!-- \/ Yoast SEO plugin. -->","_links":{"self":[{"href":"https:\/\/www.incodema.edu.co\/blog\/wp-json\/wp\/v2\/pages\/4538"}],"collection":[{"href":"https:\/\/www.incodema.edu.co\/blog\/wp-json\/wp\/v2\/pages"}],"about":[{"href":"https:\/\/www.incodema.edu.co\/blog\/wp-json\/wp\/v2\/types\/page"}],"author":[{"embeddable":true,"href":"https:\/\/www.incodema.edu.co\/blog\/wp-json\/wp\/v2\/users\/1"}],"replies":[{"embeddable":true,"href":"https:\/\/www.incodema.edu.co\/blog\/wp-json\/wp\/v2\/comments?post=4538"}],"version-history":[{"count":0,"href":"https:\/\/www.incodema.edu.co\/blog\/wp-json\/wp\/v2\/pages\/4538\/revisions"}],"wp:attachment":[{"href":"https:\/\/www.incodema.edu.co\/blog\/wp-json\/wp\/v2\/media?parent=4538"}],"curies":[{"name":"wp","href":"https:\/\/api.w.org\/{rel}","templated":true}]}}